{"id":22,"date":"2022-08-11T15:40:18","date_gmt":"2022-08-11T13:40:18","guid":{"rendered":"http:\/\/geologiedelozere.fr\/?page_id=22"},"modified":"2024-05-10T23:30:37","modified_gmt":"2024-05-10T21:30:37","slug":"a-propos-de","status":"publish","type":"page","link":"http:\/\/geologiedelozere.fr\/index.php\/a-propos-de\/","title":{"rendered":"\u00c0 propos"},"content":{"rendered":"\n<p><strong>Mentions l\u00e9gales :<\/strong><\/p>\n\n\n\n<p><strong>Editeur du site :<\/strong>\u00a0\u00a0Ce site a \u00e9t\u00e9 r\u00e9alis\u00e9 et \u00e9dit\u00e9 depuis mai 2015 par M. Alain Jacquet,\u00a0professeur agr\u00e9g\u00e9 de Sciences de la vie et de la terre, au lyc\u00e9e Emile Peytavin de Mende (Loz\u00e8re).<\/p>\n\n\n\n<p>Ce site a \u00e9t\u00e9 supprim\u00e9 en mai 2022, puis refait \u00e0 partir de 2024<\/p>\n\n\n\n<p>Contact : alain.jacquet@ac-montpellier.fr <\/p>\n\n\n\n<p>Ce site a un but p\u00e9dagogique : pr\u00e9senter tous les \u00e9l\u00e9ments de&nbsp;<strong>g\u00e9odiversit\u00e9 de la Loz\u00e8re&nbsp;<\/strong>de mani\u00e8re compr\u00e9hensible pour les non initi\u00e9s, mais avec une volont\u00e9 d\u2019exactitude scientifique qui pourra \u00eatre utile \u00e0 toutes les personnes qui s\u2019int\u00e9ressent \u00e0 la g\u00e9ologie locale.&nbsp;Les sources des donn\u00e9es publi\u00e9es sur ce site sont cit\u00e9es et d\u00e9taill\u00e9es dans la page de bibliographie. Merci aux amis photographes qui m\u2019ont autoris\u00e9 \u00e0 publier leurs photos, ils sont cit\u00e9s comme auteur. Toutes les autres photographies sont d\u2019Alain Jacquet.<\/p>\n\n\n\n<p>Si vous souhaitez r\u00e9agir, proposer un article et des illustrations, n\u2019h\u00e9sitez pas \u00e0 m\u2019\u00e9crire un commentaire ci-dessous.<\/p>\n\n\n\n<p><strong>Ce site internet est h\u00e9berg\u00e9<\/strong>&nbsp;par :&nbsp;OVH, 140 quai Sartel, 59000 ROUBAIX, T\u00e9l. : 0899 701 761<\/p>\n","protected":false},"excerpt":{"rendered":"<p>Mentions l\u00e9gales : Editeur du site :\u00a0\u00a0Ce site a \u00e9t\u00e9 r\u00e9alis\u00e9 et \u00e9dit\u00e9 depuis mai 2015 par M. Alain Jacquet,\u00a0professeur agr\u00e9g\u00e9 de Sciences de la vie et de la terre, au lyc\u00e9e Emile Peytavin de Mende (Loz\u00e8re). Ce site a \u00e9t\u00e9 supprim\u00e9 en mai 2022, puis refait \u00e0 partir de 2024 Contact : alain.jacquet@ac-montpellier.fr Ce [&hellip;]<\/p>\n","protected":false},"author":1,"featured_media":0,"parent":0,"menu_order":0,"comment_status":"closed","ping_status":"closed","template":"","meta":{"footnotes":""},"class_list":["post-22","page","type-page","status-publish","hentry"],"_links":{"self":[{"href":"http:\/\/geologiedelozere.fr\/index.php\/wp-json\/wp\/v2\/pages\/22","targetHints":{"allow":["GET"]}}],"collection":[{"href":"http:\/\/geologiedelozere.fr\/index.php\/wp-json\/wp\/v2\/pages"}],"about":[{"href":"http:\/\/geologiedelozere.fr\/index.php\/wp-json\/wp\/v2\/types\/page"}],"author":[{"embeddable":true,"href":"http:\/\/geologiedelozere.fr\/index.php\/wp-json\/wp\/v2\/users\/1"}],"replies":[{"embeddable":true,"href":"http:\/\/geologiedelozere.fr\/index.php\/wp-json\/wp\/v2\/comments?post=22"}],"version-history":[{"count":6,"href":"http:\/\/geologiedelozere.fr\/index.php\/wp-json\/wp\/v2\/pages\/22\/revisions"}],"predecessor-version":[{"id":97,"href":"http:\/\/geologiedelozere.fr\/index.php\/wp-json\/wp\/v2\/pages\/22\/revisions\/97"}],"wp:attachment":[{"href":"http:\/\/geologiedelozere.fr\/index.php\/wp-json\/wp\/v2\/media?parent=22"}],"curies":[{"name":"wp","href":"https:\/\/api.w.org\/{rel}","templated":true}]}}